
Does 24 divide 1134864?
True
Is 367455 a multiple of 85?
True
Is 16 a factor of 51968?
True
Is 3720269 a multiple of 6?
False
Is 13471675 a multiple of 189?
False
Is 990190 a multiple of 83?
True
Does 20 divide 318580?
True
Does 137 divide 195775?
False
Does 174 divide 1071711?
False
Does 200 divide 3671800?
True
Is 262 a factor of 169139?
False
Does 13 divide 361140?
True
Is 10210794 a multiple of 1582?
False
Is 889745 a multiple of 925?
False
Is 252 a factor of 43281?
False
Does 71 divide 22029?
False
Is 1126359 a multiple of 26?
False
Is 396335 a multiple of 7?
False
Is 7 a factor of 73620?
False
Does 65 divide 3385070?
True
Is 191136 a multiple of 44?
True
Does 1073 divide 1459280?
True
Is 215246 a multiple of 40?
False
Is 553140 a multiple of 63?
True
Does 3 divide 214223?
False
Does 42 divide 11222229?
False
Does 21 divide 6180?
False
Is 2607376 a multiple of 1712?
True
Is 9 a factor of 23757?
False
Is 248881 a multiple of 19?
True
Is 1044 a factor of 1201974?
False
Is 298 a factor of 878802?
True
Is 183 a factor of 61716?
False
Does 43 divide 3564?
False
Does 55 divide 29586?
False
Does 322 divide 9480444?
False
Is 3395 a multiple of 5?
True
Is 14319675 a multiple of 465?
True
Is 1730799 a multiple of 9?
True
Is 37 a factor of 335946?
False
Is 447 a factor of 2069610?
True
Is 808333 a multiple of 273?
False
Is 24 a factor of 17017805?
False
Is 13 a factor of 4690829?
True
Is 575 a factor of 921601?
False
Is 207638 a multiple of 2?
True
Is 472082 a multiple of 10?
False
Is 4 a factor of 3884316?
True
Is 108 a factor of 2883276?
True
Is 65 a factor of 103336?
False
Is 883734 a multiple of 94?
False
Does 871 divide 2536352?
True
Is 111 a factor of 170606?
False
Is 161136 a multiple of 216?
True
Is 58 a factor of 2235146?
True
Does 206 divide 757874?
True
Is 22466268 a multiple of 132?
True
Does 1102 divide 27778810?
False
Is 133 a factor of 232750?
True
Does 103 divide 2630278?
False
Is 191 a factor of 468764?
False
Does 16 divide 205021?
False
Does 12 divide 126312?
True
Is 127598 a multiple of 60?
False
Does 267 divide 98141?
False
Is 155016 a multiple of 26?
False
Does 6 divide 44794?
False
Is 303 a factor of 91674?
False
Is 332261 a multiple of 183?
False
Does 9 divide 171504?
True
Does 74 divide 66008?
True
Is 24 a factor of 11701644?
False
Is 11 a factor of 6411812?
True
Does 278 divide 728638?
True
Does 52 divide 112788?
True
Does 35 divide 19038?
False
Is 3 a factor of 228615?
True
Is 2786355 a multiple of 429?
True
Is 5 a factor of 2750?
True
Does 98 divide 2767324?
True
Does 55 divide 1818685?
True
Is 493 a factor of 4225586?
False
Is 261 a factor of 9294018?
False
Is 6338346 a multiple of 13?
False
Does 224 divide 674464?
True
Does 123 divide 581913?
True
Is 21 a factor of 1310211?
True
Is 9 a factor of 121545?
True
Does 19 divide 737846?
True
Does 160 divide 13130?
False
Is 76476 a multiple of 582?
False
Is 161778 a multiple of 59?
True
Is 439014 a multiple of 38?
True
Is 30 a factor of 189120?
True
Is 12 a factor of 274176?
True
Does 6 divide 366565?
False
Does 2 divide 309258?
True
Is 46100 a multiple of 50?
True
Is 30 a factor of 613020?
True
Is 213 a factor of 19236390?
False
Is 368589 a multiple of 39?
True
Does 603 divide 3265866?
False
Is 188599 a multiple of 322?
False
Does 28 divide 1068990?
False
Is 29 a factor of 2598371?
True
Is 15 a factor of 2950255?
False
Does 29 divide 4031?
True
Does 56 divide 589767?
False
Is 7864 a multiple of 154?
False
Is 343373 a multiple of 50?
False
Is 19 a factor of 540189?
True
Is 16 a factor of 596306?
False
Is 6702762 a multiple of 451?
True
Is 38 a factor of 789412?
True
Is 32 a factor of 6368?
True
Does 54 divide 224262?
True
Is 8 a factor of 654312?
True
Is 13 a factor of 4803110?
True
Does 45 divide 1190096?
False
Is 93 a factor of 2940009?
True
Is 13 a factor of 2832596?
True
Is 99975 a multiple of 15?
True
Is 5795045 a multiple of 144?
False
Is 1124546 a multiple of 91?
False
Is 13076420 a multiple of 1085?
True
Does 8 divide 1275000?
True
Is 11 a factor of 36587?
False
Does 248 divide 839976?
True
Is 34880 a multiple of 80?
True
Is 209 a factor of 66157?
False
Is 58 a factor of 399272?
True
Is 168704 a multiple of 301?
False
Is 177848 a multiple of 11?
True
Does 26 divide 70883?
False
Is 104 a factor of 8908643?
False
Is 136 a factor of 107168?
True
Does 9 divide 22483?
False
Is 8847464 a multiple of 31?
False
Is 340 a factor of 281387?
False
Does 34 divide 165785?
False
Does 5 divide 70196?
False
Is 24 a factor of 58828?
False
Is 349 a factor of 1504190?
True
Does 9 divide 175896?
True
Does 351 divide 1328923?
False
Is 68 a factor of 553316?
True
Does 125 divide 71875?
True
Is 803904 a multiple of 158?
True
Is 136868 a multiple of 49?
False
Is 2 a factor of 26905?
False
Is 5133498 a multiple of 634?
True
Is 1784134 a multiple of 8?
False
Does 337 divide 3598149?
True
Is 1444594 a multiple of 436?
False
Is 487692 a multiple of 828?
True
Does 3 divide 145308?
True
Is 741009 a multiple of 123?
False
Is 42053 even?
False
Does 257 divide 5235604?
True
Is 118979 a multiple of 289?
False
Does 294 divide 114911?
False
Does 13 divide 216947?
False
Is 8 a factor of 2392944?
True
Is 221345 a multiple of 2?
False
Is 84 a factor of 115080?
True
Is 626226 a multiple of 58?
True
Is 2983544 a multiple of 134?
False
Does 725 divide 776475?
True
Does 25 divide 265661?
False
Is 69 a factor of 74313?
True
Does 5 divide 20815?
True
Is 4911150 a multiple of 2258?
True
Does 347 divide 82586?
True
Is 4712641 a multiple of 21?
False
Does 439 divide 315641?
True
Is 1052644 a multiple of 18?
False
Is 5 a factor of 1379853?
False
Is 20 a factor of 63080?
True
Does 571 divide 255584?
False
Is 186696 a multiple of 36?
True
Is 81 a factor of 1291464?
True
Is 20 a factor of 57380?
True
Does 22 divide 8988?
False
Does 93 divide 2297591?
False
Does 181 divide 937551?
False
Is 7 a factor of 86240?
True
Is 6 a factor of 863513?
False
Is 198546 a multiple of 45?
False
Does 2 divide 775008?
True
Is 1957098 a multiple of 26?
True
Does 27 divide 1740717?
True
Does 35 divide 3170982?
False
Is 164266 a multiple of 23?
True
Is 49257 a multiple of 30?
False
Is 4398697 a multiple of 66?
False
Is 77301 a multiple of 9?
True
Does 15 divide 20929718?
False
Is 2919720 a multiple of 151?
False
Is 19 a factor of 820974?
False
Does 20 divide 263094?
False
Is 20 a factor of 252798?
False
Is 244815 a multiple of 15?
True
Is 185 a factor of 99335?
False
Is 1492302 a multiple of 14?
True
Is 9904 a multiple of 3?
False
Does 417 divide 101748?
True
Does 245 divide 3009560?
False
Does 25 divide 680715?
False
Is 9412805 a multiple of 38?
False
Does 534 divide 2190140?
False
Does 69 divide 195281?
False
Does 20 divide 16927?
False
Is 5 a factor of 4931699?
False
Does 24 divide 2233704?
True
Is 359 a factor of 77544?
True
Does 6 divide 65991?
False
Does 20 divide 5908068?
False
Is 1703 a factor of 6650215?
True
Is 50 a factor of 15511?
False
Does 27 divide 226530?
True
Is 217229 a multiple of 22?
False
Does 12 divide 249492?
True
Is 44010 a multiple of 135?
True
Is 67 a factor of 6026047?
True
Does 43 divide 1093361?
True
Is 117 a factor of 4324874?
False
Is 11592125 a multiple of 125?
True
Does 115 divide 262332?
False
Is 8 a factor of 226612?
False
Does 3 divide 1785847?
False
Does 11 divide 13770?
False
Does 5 divide 1609940?
True
Does 17 divide 165420?
False
Is 301614 a multiple of 34?
True
Is 10 a factor of 5889450?
True
Does 12 divide 13368?
True
Does 372 divide 2345832?
True
Does 15 divide 417366?
False
Does 159 divide 581940?
True
Does 43 divide 11032209?
True
Does 5 divide 278938?
False
Is 7983939 a multiple of 78?
False
Does 10 divide 99021?
False
Is 10 a factor of 433390?
True
Is 8365436 a multiple of 188?
True
Does 3 divide 1799085?
True
Is 8050018 a multiple of 13?
False
Is 2971266 a multiple of 796?
False
Does 32 divide 694104?
False
Is 582525 a multiple of 25?
True
Is 22 a factor of 79435?
False
Is 213353 a multiple of 118?
False
Does 21 divide 195321?
True
Is 29 a factor of 37040?
False
Does 30 divide 576570?
True
Does 29 divide 29696?
True
Is 4834192 a multiple of 88?
True
Is 72 a factor of 584914?
False
Is 261633 a multiple of 54?
False
Is 1629546 a multiple of 4?
False
Does 134 divide 124550?
False
Is 1060276 a 